
Is 4126878779 prime?
True
Is 15591734929 a prime number?
True
Is 146695746863 a prime number?
False
Is 4854105457 prime?
False
Is 4169744771 composite?
False
Is 372920693 a prime number?
True
Is 2185668419 a prime number?
False
Is 4955802317 composite?
False
Is 27997469867 composite?
True
Is 5423587769 prime?
False
Is 470186783059 a prime number?
False
Is 234932303 prime?
False
Is 14047461419 a prime number?
False
Is 659612251 a prime number?
True
Is 4221997627 prime?
True
Is 108524516539 a composite number?
False
Is 66876867363 a prime number?
False
Is 106816602337 composite?
False
Is 14459095811 a composite number?
False
Is 940944813 prime?
False
Is 2945384011 prime?
False
Is 164112517 a composite number?
False
Is 331794779 a composite number?
False
Is 3463136167 prime?
False
Is 127584067 a prime number?
False
Is 21872372485 a composite number?
True
Is 462373619 prime?
False
Is 117774751 composite?
False
Is 4573130123 a prime number?
True
Is 15615069521 a prime number?
True
Is 2243649799 a composite number?
False
Is 823295093 prime?
False
Is 14431001681 prime?
True
Is 105292196378 composite?
True
Is 15936967381 prime?
False
Is 11830316633 prime?
True
Is 152570543 a prime number?
True
Is 4194974237 a prime number?
False
Is 7120329001 a composite number?
True
Is 5517432499 composite?
True
Is 296621159 prime?
True
Is 35130680927 a composite number?
False
Is 1095052253 a composite number?
False
Is 258606031 a prime number?
False
Is 29334688349 prime?
False
Is 22668745501 a composite number?
False
Is 1135330685 a composite number?
True
Is 7074680321 a composite number?
False
Is 432945257 composite?
False
Is 736289579 prime?
False
Is 31547671447 prime?
False
Is 78264591397 composite?
True
Is 70052093 prime?
True
Is 1013573089 a composite number?
False
Is 1410415705 a composite number?
True
Is 408549367 prime?
True
Is 33475367803 a prime number?
True
Is 47471903 composite?
False
Is 1392924831 a prime number?
False
Is 223497853 a prime number?
True
Is 12976020401 prime?
False
Is 2225080961 a prime number?
True
Is 1307200513 composite?
True
Is 14053895483 composite?
False
Is 9211542783 a prime number?
False
Is 3818770169 prime?
True
Is 958311853 a composite number?
False
Is 179962369 a composite number?
False
Is 577467281 composite?
False
Is 893052305 a prime number?
False
Is 8644871903 composite?
False
Is 79754835457 prime?
False
Is 35259563237 a composite number?
False
Is 100819744943 a prime number?
False
Is 122188960039 a prime number?
False
Is 169162132849 composite?
True
Is 9681653693 prime?
False
Is 38293499333 a composite number?
False
Is 4891655929 a composite number?
True
Is 1474175663 composite?
True
Is 25203760627 prime?
False
Is 760116653 prime?
True
Is 1452275801 prime?
False
Is 6612605851 a prime number?
True
Is 71523114877 a prime number?
True
Is 2704503877 a composite number?
True
Is 85547474345 a prime number?
False
Is 2597604203 prime?
False
Is 1311655507 a composite number?
False
Is 1297913 a composite number?
True
Is 389886113 a composite number?
False
Is 614226559 a composite number?
False
Is 1830026689 prime?
False
Is 3285749333 composite?
True
Is 11146305259 a composite number?
False
Is 11446811921 a composite number?
True
Is 79030978567 prime?
False
Is 92206179701 a prime number?
True
Is 52857787511 prime?
False
Is 7277822923 composite?
True
Is 17007279079 composite?
True
Is 20072542982 a composite number?
True
Is 2401450367 a prime number?
False
Is 47926907749 composite?
True
Is 16026182539 a composite number?
True
Is 36093798043 prime?
True
Is 17553997213 a composite number?
False
Is 156699583 a composite number?
False
Is 499861009 composite?
True
Is 68655379357 composite?
False
Is 4262192041 a prime number?
True
Is 67542875041 a composite number?
False
Is 36134247067 a composite number?
True
Is 13247362501 a prime number?
True
Is 6853805227 prime?
False
Is 716975737 a composite number?
False
Is 8639675423 prime?
False
Is 2101346791 prime?
True
Is 10597981623 composite?
True
Is 57802460369 prime?
True
Is 34430771 prime?
False
Is 111369767 a composite number?
True
Is 1075035151 prime?
False
Is 111968081 composite?
False
Is 18190983145 composite?
True
Is 17428200649 prime?
False
Is 201590083 a prime number?
True
Is 16441551419 a prime number?
False
Is 31348625993 composite?
True
Is 1321293119 a prime number?
True
Is 10299156755 composite?
True
Is 76329399997 a composite number?
False
Is 4491677621 a composite number?
False
Is 1774819661 prime?
False
Is 6513493087 composite?
False
Is 23000067113 composite?
True
Is 107032253 composite?
True
Is 8702357159 a prime number?
True
Is 2775737047 prime?
False
Is 2192215547 a prime number?
True
Is 195405311 composite?
True
Is 272765117 composite?
True
Is 218070989 prime?
True
Is 1488824861 prime?
False
Is 190294486133 prime?
True
Is 14721604082 composite?
True
Is 57040369 composite?
True
Is 142422127 a prime number?
False
Is 2006933353 prime?
True
Is 15030752007 a composite number?
True
Is 1340616259 prime?
True
Is 1771007845 a prime number?
False
Is 12808583 prime?
True
Is 3111066949 composite?
True
Is 1166565947 prime?
True
Is 25831678001 composite?
False
Is 2943989414 a composite number?
True
Is 303682032499 composite?
False
Is 487556777 a composite number?
True
Is 30480027631 composite?
False
Is 232049183 composite?
True
Is 9541510439 a composite number?
True
Is 20718259 a prime number?
True
Is 2963247401 a composite number?
False
Is 101529337333 prime?
True
Is 8542685974 composite?
True
Is 12391217 a composite number?
False
Is 7907727529 a composite number?
True
Is 329037551 a prime number?
False
Is 944950183 prime?
False
Is 622907651 a prime number?
False
Is 5479749413 prime?
True
Is 29396002777 composite?
False
Is 13228204741 composite?
True
Is 32909401897 a composite number?
False
Is 31830315667 a prime number?
False
Is 807123131 a prime number?
True
Is 4827928279 composite?
True
Is 424768037 composite?
True
Is 3535586357 a prime number?
True
Is 5960472037 prime?
False
Is 10050982559 a composite number?
True
Is 4029025579 composite?
True
Is 20380395361 a prime number?
False
Is 5977996261 composite?
True
Is 1349802563 composite?
False
Is 261314359 a prime number?
True
Is 130559077 prime?
False
Is 10172870102 prime?
False
Is 3992084803 composite?
True
Is 1600571317 a composite number?
True
Is 2128847081 prime?
True
Is 255664173749 a composite number?
True
Is 1345114739 a prime number?
False
Is 1581583147 prime?
True
Is 41886473093 a composite number?
True
Is 1421680483 a prime number?
True
Is 2405747398 a prime number?
False
Is 768149633 composite?
False
Is 1744474201 a prime number?
True
Is 10024108813 a composite number?
True
Is 8951036309 a composite number?
False
Is 2934232745 composite?
True
Is 26175771799 prime?
True
Is 1803307381 a prime number?
False
Is 2245080199 composite?
True
Is 341531759 a composite number?
True
Is 47183868109 prime?
False
Is 2967486793 prime?
True
Is 46219471171 a prime number?
True
Is 5537436313 a prime number?
True
Is 414560281 composite?
False
Is 1566692223 a prime number?
False
Is 47453973103 a composite number?
True
Is 1202538533 a prime number?
False
Is 397788109 a prime number?
False
Is 2389905527 a prime number?
True
Is 87608057 prime?
True
Is 351603427 a composite number?
True
Is 3799547 a prime number?
True
Is 9694265381 a prime number?
True
Is 7309360759 prime?
True
Is 52391976163 prime?
True
Is 700802574179 a prime number?
True
Is 4005613 a prime number?
True
Is 456326833 a composite number?
False
Is 8548064639 composite?
False
Is 57782233007 a composite number?
False
Is 10800129149 a composite number?
True
Is 4783158011 prime?
True
Is 61039078169 prime?
True
Is 2128638887 a composite number?
False
Is 1249274483 a prime number?
True
Is 23721420073 composite?
True
Is 266879647 composite?
False
Is 641090487 prime?
False
Is 4370919367 a composite number?
False
Is 13607251753 a composite number?
False
Is 21200048227 composite?
True
Is 87389313097 a composite number?
False
Is 1616498053 composite?
False
Is 4538416471 a composite number?
False
Is 11183150791 composite?
False
Is 8247512737 a prime number?
True
Is 1332399963 prime?
False
Is 86151265019 a prime number?
False
Is 28948068371 a prime number?
False
Is 2797783187 composite?
True
